 - 91. Let b = 121 + -21. Suppose b = x + f*x. What are the prime factors of x?
2, 5
Let k be 7 + (8/(-4) - 1). Suppose 4 + 8 = k*h. Let z(i) = 2*i**3 - 3*i**2 + 2*i - 3. What are the prime factors of z(h)?
2, 3, 5
Suppose 4*w - 11289 = m - 2874, 3*m + 4215 = 2*w. What are the prime factors of w?
3, 701
Suppose -i - 2*i = -4*f + 33, 3*i + 9 = 0. Suppose 5*s + 66 = f*s. List the prime factors of s.
2, 3, 11
Let a be 46/(-8)*(-21 - 7). Suppose -a = 4*w - 5. What are the prime factors of (-5 + 1)*w/4?
3, 13
Let a = -405 + 855. What are the prime factors of a?
2, 3, 5
Suppose -3*a - 91 = -2*q, -4*a + 84 = 2*q - 0*q. Suppose q = 6*h - 316. What are the prime factors of h?
2, 3, 5
Let u(k) = 3*k + 3. Let o(d) = -d**3 + 9*d**2 + 10*d + 5. Let h be o(10). Suppose -h*x + 5*j = -40, -2*x = 2*x + 4*j - 32. List the prime factors of u(x).
3
Suppose -4*d + 4 = y + 2, -23 = -3*y + 5*d. Suppose 0 = y*a - 933 - 939. What are the prime factors of a?
2, 3, 13
Let c be ((-6)/(-4)*1)/((-7)/(-14)). Suppose -7 - 21 = -c*k - 2*a, 1 = -a. List the prime factors of k.
2, 5
List the prime factors of (-2751)/(-3) + (-8)/4.
3, 5, 61
Suppose -96 = 5*j + j. What are the prime factors of (8/j)/(1/(-88))?
2, 11
Let t be 739 + (-2)/(-3) + (-28)/(-12). Suppose -3*k = 4*k - t. What are the prime factors of k?
2, 53
Let o(l) = l + 1. Let i be o(1). Let w be (i + 1 + 2)*1. Suppose w*h - 60 = 2*h. What are the prime factors of h?
2, 5
Let n = 11 - 47. Let c = 90 + n. What are the prime factors of c?
2, 3
Let p(z) = 15*z + 128. List the prime factors of p(29).
563
Suppose -z - 2*z = -2*g + 10, 5*z - 3*g = -16. Let j be ((-1)/(-3) + z)*-42. Let h = j - 46. List the prime factors of h.
2, 3
Let z(s) = -s**3 - 3*s**2 + 2*s - 4. Suppose -2*n - 16 + 8 = 0. Let c be z(n). Suppose c*o - 2*o = 74. List the prime factors of o.
37
Let y(p) = -p**3 + 3*p**2 + p - 3. Let x be y(3). Suppose x = -4*u + 5*u - 47. What are the prime factors of u?
47
Let c(f) = -3*f + 4. Suppose 15 = -6*r + 3. What are the prime factors of c(r)?
2, 5
Let y(x) = -40*x - 263. List the prime factors of y(-20).
3, 179
Suppose -5*y + 10 = -15. Suppose -4*t + y*d = -103, -6*d + 4*d + 106 = 3*t. List the prime factors of t.
2
What are the prime factors of (-1 - 9)/(-2*(-7)/(-518))?
2, 5, 37
Let u(m) = m**2 - 7*m + 3. Let t be u(3). Let g(c) = -c**3 - 7*c**2 + 13*c - 2. What are the prime factors of g(t)?
43
Let t be (0 - 0)*(-3)/(-9). Suppose 3*m - m - 182 = 5*w, t = -5*w - 20. List the prime factors of m.
3
Let j be (-2)/8 + 120/(-32). Let a be (3/2)/((-2)/j). Suppose 3*y - 5*l - 103 = 0, 0 = 2*y - 5*y + a*l + 93. List the prime factors of y.
2, 13
Suppose s + h + 6 = -0, 3*h + 10 = 5*s. Let i(y) = -287*y - 9. What are the prime factors of i(s)?
2, 139
Let d(v) = v**3 - 4*v**2 + 99. Suppose 0*w + 2*w - 10 = 5*r, -4*w - 4*r = 8. What are the prime factors of d(w)?
3, 11
Let d(t) = 4*t**2 - 21*t - 240. List the prime factors of d(26).
2, 7, 137
Let y(g) = 26*g + 1. Let u be y(1). Suppose -x + 0 = -u. Let d = x - 12. List the prime factors of d.
3, 5
Let w(x) = 8*x + 21 + 25 - 4*x - 65. What are the prime factors of w(9)?
17
Suppose 4*t - 1025 + 33 = 0. List the prime factors of t.
2, 31
Suppose -3*o - 44 = -2*r + 283, -604 = -4*r - 4*o. What are the prime factors of r?
2, 3, 13
Let w(a) = -10*a**3 - 2*a - 1. Let j be w(-1). Suppose 3*c - 2*c = -3, -d - 4*c = j. What are the prime factors of d + 0 + -1 + 30?
2, 3, 5
Let n(s) = -s**3 + 5*s**2 - 13. Let i be n(4). Suppose -i*z + 18 = -90. What are the prime factors of z?
2, 3
Let n(r) = 2*r**2 - 82*r - 9. List the prime factors of n(-8).
5, 31
Let a = -2968 - -4200. What are the prime factors of a?
2, 7, 11
Let n be 15 - 3*(-1 - 0). Let u = n - 4. Suppose -2*a + 40 = u. List the prime factors of a.
13
Suppose -2*x = -2*n + 176, -4*x - 273 = 4*n + 63. Let c = x - -131. List the prime factors of c.
3, 5
Let d = 493 - 1059. Let l = -395 - d. List the prime factors of l.
3, 19
Suppose 3*t + 137 - 47 = 0. Let y = t - -63. List the prime factors of y.
3, 11
Let j be (-84)/(-7)*(-2)/(-8). Let m(z) = -48*z + 4. Let h be m(-6). Suppose -4*w + h = -0*v - 4*v, -j*w + 4*v = -223. List the prime factors of w.
3, 23
Let p(j) = 3*j**2 - 3*j + 1. Let i be p(4). Let a be (1/2)/((-5)/(-20)). Let l = a + i. What are the prime factors of l?
3, 13
Let u(d) = -61*d - 4. Let i be u(9). What are the prime factors of (-4)/38 + i/(-19)?
29
Let d be 240/(-11) + 4/(-22). Let u = 26 + d. Suppose -h + 29 = i + u, 5*h - i - 143 = 0. List the prime factors of h.
2, 7
Let f(k) = 4 - 5*k - 4*k**3 - 24 + k**2 - 4*k**2 + 4. List the prime factors of f(-3).
2, 5
Let f(o) = -o**3 - 7*o**2 - 11*o - 8. Let b be f(-7). Let p(h) = h**2 + h - 3. Let x be p(-3). Suppose 0*a - b = -x*a. What are the prime factors of a?
23
Let t(r) = -r**2 - 11*r + 2. Let j = 15 - 13. Suppose j*n + 4 = -16. What are the prime factors of t(n)?
2, 3
Let a(o) = -5*o - 2. Let u be a(2). Let j(g) = 3*g + 27. Let t be j(-20). Let y = u - t. List the prime factors of y.
3, 7
Suppose 3*c + 6 = -3*m, 5*c + 24 = 3*m - m. Suppose m*q = -q. Let u(y) = 2*y + 6. List the prime factors of u(q).
2, 3
Let m(x) = -4*x - 9. Let k be m(-3). Suppose 0 = -k*q + 16 + 14. List the prime factors of q.
2, 5
Suppose -2*s = x + 3*s - 5, -x + s = 19. Let o(j) = j**2 - 14*j + 22. Let g be o(14). Let t = x + g. List the prime factors of t.
7
Suppose 59*f + 32900 = 66*f. List the prime factors of f.
2, 5, 47
Let t(w) = -w**2 - 11*w - 1. Let x be 94/(-10) - 6/10. Let m be t(x). Suppose f - m = 40. What are the prime factors of f?
7
Let r = 3771 - 2126. What are the prime factors of r?
5, 7, 47
Let k(t) = -2*t + 5. Let l(a) = a - 2. Let w(j) = 3*k(j) + 8*l(j). Let u be w(4). List the prime factors of 3 + u/(28/24).
3
Let i = -65 + 44. Let f = i + 70. What are the prime factors of f?
7
Let z(d) = -d**2 - 1. Let x(k) = 2*k**2 - 5. Let r(s) = -x(s) - 4*z(s). What are the prime factors of r(-5)?
59
Suppose -5*u = -194 + 64. Let a(z) = z**2 + 3*z - 6. Let x be a(-5). Suppose u = -n - 3*p + 76, 0 = 2*n - x*p - 80. What are the prime factors of n?
2, 11
Let f(z) = -z**3 + 9*z**2 + 10. Let l be f(9). Suppose 3*h - 19 = -h - c, 0 = 2*c + l. Let y(b) = b**3 - 5*b**2 - 2*b + 5. List the prime factors of y(h).
29
Let w(h) = -h**3 + 12*h**2 - 5*h + 10. Let y be w(6). Let p be (-120)/(-7)*y/(-8). What are the prime factors of p/(-8) - (-2)/(-4)?
2, 13
Let w(k) be the second derivative of 2*k**5/5 - k**4/12 + k**3/6 + 10*k. What are the prime factors of w(1)?
2
Let p(j) = 2*j + 20. Suppose -3*i + i + 32 = -3*x, 0 = 3*i - 3*x - 51. List the prime factors of p(i).
2, 29
Suppose 3*z = 2*g - 1448, 4*z + 4678 = 5*g + 1051. List the prime factors of g.
727
Suppose -4*d + 12 = -0. Suppose -4*m + g = -298, -2*m - 73 = -d*m + g. Suppose m = z + 4*z. List the prime factors of z.
3, 5
Let x(a) = -80*a + 101. List the prime factors of x(-5).
3, 167
Let m be 8 - 3*4/6. Let y(g) = -3*g**3 + 8*g**2 - 4*g - 2. Let h(z) = -z**3 + z**2 + 1. Let l(x) = 2*h(x) - y(x). List the prime factors of l(m).
2, 7
Let f(b) = -80*b + 8. Let d be f(-2). List the prime factors of d*(1 - (-1)/(-4)).
2, 3, 7
Let o(v) = -2*v**2 + 33*v + 13. Let p(r) = 5*r + 55. Let n be p(-8). What are the prime factors of o(n)?
2, 29
Let m = 28 - 30. What are the prime factors of -8*m/12*12?
2
Suppose -1256 = 3*o - 4*s, -4*o - 1684 = 2*s + 2*s. Let l = o + 592. List the prime factors of l.
2, 43
Let u(d) be the third derivative of -d**7/1680 + d**6/240 - 11*d**5/60 + 8*d**2. Let k(p) be the third derivative of u(p). List the prime factors of k(-3).
2, 3
Let f(z) = 2*z**2 + 2*z - 1. Let m be f(-2). Suppose 2*n - 3*n = -m. Suppose n*q = 4*q + 5*y - 20, -q = -4*y - 47. List the prime factors of q.
5, 7
Let k(q) = -q**2 - 4*q + 5. Let n be k(-5). Suppose 0 = -2*z + 20*z - 162. Let a = z - n. List the prime factors of a.
3
Let s(k) = 14*k + 689. List the prime factors of s(66).
1613
Suppose 914 + 548 = 17*o. List the prime factors of o.
2, 43
Let x(h) = -h**3 + 18*h**2 + 4*h - 6. Let l be x(7). Let w = l + -360. List the prime factors of w.
3, 67
Suppose -3*h = 23 - 5. Let b(n) = 16*n**2 + n - 8. Let l be b(2). Let q = l + h. List the prime factors of q.
2, 13
Let z(l) = -13*l + 63. List the prime factors of z(-8).
167
Let m be 40/(-22)